7025.
25
Calculate the greatest common divisor of 85426 and 8712.
242
What is the greatest common divisor of 42540 and 480?
60
What is the highest common divisor of 620 and 411020?
20
What is the greatest common factor of 13448 and 24?
8
What is the highest common divisor of 15977 and 482997?
1229
What is the greatest common factor of 1683 and 1445?
17
What is the highest common divisor of 17625 and 2250?
375
What is the greatest common divisor of 13369242 and 102?
102
What is the greatest common divisor of 1626 and 84?
6
What is the highest common factor of 8115 and 1095?
15
What is the highest common factor of 3034 and 9840?
82
Calculate the highest common divisor of 898 and 66.
2
Calculate the greatest common divisor of 60588 and 924.
132
What is the highest common factor of 2844521 and 1097?
1097
What is the highest common factor of 522107 and 1096?
137
Calculate the highest common factor of 614 and 430414.
614
Calculate the highest common factor of 24700 and 65.
65
Calculate the greatest common divisor of 2644 and 172.
4
Calculate the highest common factor of 113212 and 99.
11
Calculate the greatest common divisor of 12 and 54918.
6
What is the highest common factor of 121 and 674333?
121
What is the highest common divisor of 85 and 23732?
17
Calculate the highest common divisor of 17082362 and 22.
22
What is the greatest common factor of 385219 and 28849?
1697
What is the highest common divisor of 452 and 252894?
226
Calculate the greatest common factor of 230 and 8326.
46
What is the highest common divisor of 6 and 1560666?
6
What is the greatest common divisor of 64344 and 4536?
168
What is the highest common divisor of 30 and 7998960?
30
Calculate the greatest common factor of 3247 and 1337.
191
What is the greatest common divisor of 4344 and 348?
12
What is the greatest common factor of 182 and 109356?
26
What is the greatest common factor of 327579 and 399?
399
Calculate the highest common factor of 44613 and 9.
9
Calculate the greatest common factor of 375 and 7185.
15
What is the highest common divisor of 5108 and 793017?
1277
Calculate the greatest common factor of 350 and 28075.
25
What is the highest common divisor of 247 and 100282?
247
Calculate the greatest common factor of 46294 and 790.
158
What is the highest common divisor of 809 and 10?
1
Calculate the greatest common divisor of 6356 and 8596.
28
What is the highest common factor of 27600 and 3088?
16
Calculate the greatest common factor of 1703 and 12445.
131
What is the greatest common factor of 52 and 184574?
26
What is the greatest common divisor of 17835 and 150?
15
Calculate the highest common divisor of 808346 and 11.
11
Calculate the highest common factor of 4779 and 162.
81
What is the greatest common divisor of 1932 and 2271066?
966
What is the greatest common divisor of 2775 and 999?
111
Calculate the highest common factor of 15375 and 585.
15
Calculate the greatest common divisor of 22517 and 10057.
89
Calculate the greatest common divisor of 191040 and 1560.
120
Calculate the highest common factor of 23630 and 2380.
170
Calculate the greatest common factor of 3940 and 3020.
20
Calculate the highest common factor of 1863 and 1701747.
207
Calculate the greatest common factor of 2890464 and 96.
96
What is the greatest common factor of 126480 and 51?
51
Calculate the highest common divisor of 1316 and 28.
28
Calculate the greatest common divisor of 20451 and 102.
51
What is the greatest common divisor of 619035 and 15?
15
What is the highest common factor of 106304 and 157795?
1661
Calculate the highest common divisor of 110929 and 274183.
2093
Calculate the greatest common divisor of 2058 and 54124.
14
What is the greatest common factor of 1033302 and 6?
6
Calculate the greatest common divisor of 452 and 1792.
4
Calculate the greatest common factor of 1932 and 3639244.
644
What is the highest common factor of 92471 and 445?
89
Calculate the highest common divisor of 275 and 133775.
25
What is the highest common factor of 61466 and 146?
146
What is the highest common factor of 2538 and 3186?
54
Calculate the highest common factor of 42 and 67062.
6
Calculate the greatest common factor of 2230 and 108378.
446
What is the highest common divisor of 80 and 229600?
80
What is the greatest common factor of 424 and 35086?
106
Calculate the greatest common factor of 248 and 39432.
248
Calculate the greatest common factor of 47 and 89.
1
Calculate the highest common factor of 528 and 9944.
88
Calculate the greatest common factor of 2849 and 1036629.
407
What is the highest common divisor of 993700 and 36100?
1900
Calculate the highest common factor of 15 and 2695.
5
What is the greatest common factor of 56306 and 376?
94
Calculate the highest common divisor of 6169 and 1457.
31
Calculate the highest common factor of 5771 and 61889.
199
Calculate the highest common divisor of 2676560 and 20.
20
What is the greatest common divisor of 908086 and 4807?
437
What is the highest common factor of 22 and 445346?
22
What is the highest common factor of 3813 and 2201?
31
Calculate the highest common factor of 273 and 136149.
39
Calculate the greatest common divisor of 576 and 4448.
32
What is the highest common factor of 414729 and 609?
609
What is the highest common divisor of 9 and 949770?
9
Calculate the highest common factor of 127344 and 7.
7
What is the greatest common divisor of 727 and 420933?
727
What is the greatest common divisor of 25 and 6385?
5
What is the greatest common divisor of 493299 and 6372?
531
What is the greatest common factor of 48438 and 216?
54
Calculate the greatest common divisor of 425 and 7055.
85
Calculate the highest common factor of 1251 and 153.
9
Calculate the highest common factor of 1034074 and 382.
382
What is the greatest common factor of 28 and 9788?
4
What is the greatest common divisor of 85096 and 264?
88
What is the greatest common factor of 24 and 23322?
6
What is the highest common factor of 2835 and 153?
9
What is the greatest common factor of 618 and 79146?
6
What is the greatest common factor of 1580898 and 264?
66
Calculate the greatest common factor of 20268 and 72.
36
Calculate the greatest common factor of 6187718 and 366.
122
Calculate the greatest common divisor of 108 and 186080.
4
Calculate the highest common factor of 60915 and 4192.
131
What is the greatest common factor of 19537 and 28?
7
What is the highest common factor of 2144 and 28192?
32
What is the greatest common factor of 16389 and 81?
27
Calculate the greatest common divisor of 130380 and 6180.
60
Calculate the highest common divisor of 6913 and 163905.
223
Calculate the highest common divisor of 18 and 110601.
9
What is the greatest common factor of 252 and 532?
28
Calculate the highest common factor of 1692 and 347236.
188
What is the greatest common factor of 153 and 8548263?
153
What is the greatest common divisor of 6435968 and 7?
7
Calculate the highest common divisor of 265272 and 315.
21
Calculate the highest common divisor of 4313 and 89.
1
Calculate the greatest common factor of 917 and 16244.
131
Calculate the highest common factor of 37 and 11163011.
37
Calculate the greatest common divisor of 1002483 and 6741.
963
Calculate the highest common divisor of 472 and 203668.
236
Calculate the highest common divisor of 802113 and 942.
471
Calculate the highest common factor of 23184 and 175392.
1008
Calculate the highest common factor of 222402 and 3030.
606
Calculate the greatest common factor of 4011 and 13125.
21
Calculate the greatest common factor of 603693 and 3084.
771
Calculate the greatest common divisor of 5877682 and 578.
578
What is the highest common factor of 296 and 4053128?
296
What is the greatest common factor of 232 and 8178?
58
Calculate the greatest common divisor of 70136 and 264.
88
What is the highest common factor of 333303 and 723?
723
Calculate the highest common divisor of 8 and 232.
8
What is the highest common factor of 222690 and 260?
130
What is the greatest common divisor of 3157 and 3850?
77
Calculate the greatest common factor of 27350 and 70.
10
What is the greatest common factor of 1278 and 383258?
142
Calculate the greatest common divisor of 553572 and 156.
12
What is the greatest common divisor of 14 and 24526?